 v(y) = -y**3 - 24*y**2 - 23*y - 5. What is the tens digit of v(-25)?
9
Suppose -10*j + 5*j + u + 1184 = 0, -12 = 3*u. What is the tens digit of j?
3
Let u(v) = -2*v + 24. What is the units digit of u(4)?
6
Suppose 2*d + r - 31 = 0, -d + 2*r - 6*r - 2 = 0. Let w = d + 49. What is the units digit of w?
7
Suppose -a = 4*f - 8*f + 19, 2*a + 14 = 2*f. What is the units digit of -3*(-8 + a) - (1 - -1)?
1
Suppose -3*h + 60 + 42 = 0. Suppose 3*m + 3*c = 60, 4*c = -3*m - h + 89. What is the units digit of m?
5
Suppose -4*z - 2*k = -30, k - 2*k = 5*z - 33. Let o = z + -1. Suppose 10*a - o*a = 145. What is the units digit of a?
9
Let j be 1806/(-12) + (-4)/(-8). What is the units digit of 1*14*j/(-105)?
0
Let x be (-40)/(-1*4/16). Suppose -5*i + x = -155. Suppose j + 3 - 4 = 0, 4*t - i = j. What is the tens digit of t?
1
Let n = 991 - 651. Suppose 0 = -0*j - 5*j + n. What is the tens digit of j?
6
Let p = 124 + -38. Let r = p - 29. Let o = 88 - r. What is the units digit of o?
1
Let h = -147 + 152. Let o be 4/(8/3)*-2. Let l = h - o. What is the units digit of l?
8
Suppose 17*t = 22*t - 25, 3*j + 5*t - 6622 = 0. What is the tens digit of j?
9
Let i(p) = p**2 + 4*p - 17. Let k be i(-7). Suppose -b = -k*y - 203, -b + 4*y = 2*b - 609. What is the tens digit of b?
0
Let i(y) = -5*y**3 - y**2 + y. Let f be i(1). Let t(b) = 4*b + 7. Let h be t(f). Let l = -12 - h. What is the units digit of l?
1
Suppose 2*x = 6*x - 16. Let n(r) = -2*r**2 + 15*r + 4. Let d be n(7). Suppose x*c - d - 30 = -3*i, -3*i = 15. What is the tens digit of c?
1
Let z(g) = 7*g**2 + 5*g. Let k be z(-2). What is the hundreds digit of (91/(-14))/((-1)/k)?
1
Suppose -5*w + m = 55, -m = 4*w + 2*m + 44. Suppose 3*v - 3*r + 33 = -8*r, -45 = 5*v + 5*r. Let x = v - w. What is the units digit of x?
5
Suppose -3*c - w = -462, 3*c - 5*w + 53 = 533. What is the units digit of c?
5
Suppose 0 = 5*b - b - 1000. Suppose -20*q - b = -25*q. What is the tens digit of q?
5
Let r(y) = 89*y**2 + 36*y + 289. What is the thousands digit of r(-7)?
4
Suppose 7136 = 13*n - 25910. What is the thousands digit of n?
2
Let c(m) = 9*m**2 - 53*m + 25. What is the units digit of c(-8)?
5
Let v = 2697 - 799. What is the hundreds digit of v?
8
Let n = -380 + 661. What is the hundreds digit of n?
2
Let s(x) = -x**3 + x**2 + x + 5. Let c be s(0). Suppose -d = 2*d + 9, u + c*d + 15 = 0. Suppose y - 8 = a - u, -2*y - 3*a = -16. What is the units digit of y?
8
Let z(j) = 10*j**2 + 4*j + 1. Let w be z(-5). Suppose 2*y - w = -3*a, -3*y = a + 4*a - 348. What is the units digit of y?
1
Let h(c) = -106*c + 51. What is the units digit of h(-10)?
1
Let s be (-4)/((-12)/123) - 1. Let z be 5 + 29 - (2/(-1) - -3). Suppose 0 = -g - 3*w + s, w - 5 = -g + z. What is the units digit of g?
7
Suppose -2*x + 6 = x. Suppose -4*w = 3*b - 175, -x*w - 3 - 1 = 0. What is the tens digit of b?
6
Let z = 4238 + -2946. What is the thousands digit of z?
1
Let j = 2467 - 311. What is the tens digit of j?
5
Suppose -3252 = 5*y + 3548. What is the units digit of (-11)/(275/y) + 4/(-10)?
4
Let f(k) = -3 - 55*k**3 - 3*k + 0*k - 4*k + 9*k**2 + 54*k**3. Suppose 2*h - 24 = -h. What is the units digit of f(h)?
5
Let u(r) = -r + 5. Let b be u(2). What is the tens digit of (-2)/b + (-82)/(-6)?
1
Suppose 0 = 108*c - 98*c - 40300. What is the hundreds digit of c?
0
Let c = -201 + 889. What is the tens digit of c?
8
Let z = 41 - 30. Let c(t) = t**2 + 3*t + 26. What is the tens digit of c(z)?
8
Let n = 11 - 11. Let f be (n + 4)/(-4) + -3. Let m(v) = -v**3 - 2*v**2 + 2*v + 3. What is the tens digit of m(f)?
2
Suppose -358 + 57256 = 29*d. What is the tens digit of d?
6
Suppose 26 = -2*g - 0*l + 2*l, -l - 32 = 2*g. Let m be 24 + 3*(-10)/g. Let d = m - -35. What is the tens digit of d?
6
Let y be 3/1*((-40)/3)/1. Let a = y - -177. What is the units digit of a?
7
Let m(c) = c**3 + 34*c**2 + 16*c + 60. What is the units digit of m(-33)?
1
Let y = -25 + -9. Let h = -11 + 3. Let z = h - y. What is the tens digit of z?
2
Let l(u) = 62*u**2. Let d = -12 + 13. Let x be l(d). What is the units digit of (-2)/(1/x*-4)?
1
Suppose -2*d - 14*d = -5824. What is the tens digit of d?
6
Let z(a) = -2*a**2 + 60*a - 104. What is the tens digit of z(25)?
4
Let n(j) = 21*j + 1216. What is the tens digit of n(-17)?
5
Suppose 4*a + 28 = 3*s, 5*a - 8 = 3*s - 46. Let m(b) = -b**2 + 22*b - 33. Let g be m(19). Let f = g + a. What is the tens digit of f?
1
What is the tens digit of (-10)/(-4)*7014/105?
6
Let d be 12/(-16)*(-2 + 30 - 0). Let a = d + 40. What is the units digit of a?
9
Suppose -6*g + 5*g - 6 = 0. Let b = g + 10. Suppose -6*n = -b*n - 12. What is the units digit of n?
6
Suppose 3*x + 42 = -0*z - 3*z, -4*z + x = 71. Let o = z - -2. Let v = 31 + o. What is the tens digit of v?
1
Let r = -31 + 29. Let h(g) = g + 3. Let w be h(r). Let v(c) = 7*c**3 - 2*c + 3. What is the units digit of v(w)?
8
Suppose 0 = -12*t + 14*t + q - 3444, 0 = -2*t - 5*q + 3452. What is the hundreds digit of t?
7
Let p(m) = 15*m - 16. Let c be p(3). Let t = c - 14. What is the units digit of t?
5
Suppose -121 = 4*d - 9. Suppose -66 = 3*r + 99. Let k = d - r. What is the units digit of k?
7
Let b be (-3340)/12 - 5/(-15). What is the tens digit of b/(-6) + (-2)/(-3)?
4
Let t(u) = -u**3 + 46*u**2 - 92*u - 23. What is the hundreds digit of t(43)?
5
Let k(i) = i + 15. Let a be k(-11). Suppose 0 = -a*x + 96 + 112. What is the tens digit of x?
5
Let r(q) be the first derivative of q**5/120 + 5*q**4/24 + 2*q**3/3 + 5. Let a(h) be the third derivative of r(h). What is the tens digit of a(5)?
1
Let f(d) = -d**3 - 5*d**2 - 7*d - 6. Let l be f(-4). Suppose 7*c + l = 10*c. Suppose 0 = -4*i - 0*k + c*k + 146, -k - 5 = 0. What is the tens digit of i?
3
Let v be (-33)/2*1010/15. What is the tens digit of v/(-22) + (-1)/2?
5
Let m(g) = 4*g**2 - 3*g - 3. Let z be m(-1). Suppose -5*h + 52 = b, -z*b + b + 2*h = -241. What is the units digit of b?
7
What is the units digit of 6*-212*15/(-72)?
5
What is the hundreds digit of (132/(-24) - -5)*-9656?
8
Let t = 10 + -6. Suppose 0 = -5*n - 33 + 193. Suppose t*k = -2*q + n, 0 = 5*k - 6 + 16. What is the tens digit of q?
2
Suppose 5*g - 3*c = -2*c + 13, 0 = 3*g + 4*c + 6. Suppose -5*m + 367 = -g*d, -m + 39 = -4*d - 20. What is the tens digit of m?
7
Let z(h) = 4*h**2 + h - 1. Let g be z(1). Suppose -152 = -8*d + g*d. What is the tens digit of d?
3
Let h = 186 - 28. Let s = -94 + h. What is the tens digit of s?
6
Let b(g) = -g**2 + 23*g - 57. Let c be b(17). Suppose 43*k = c*k - 308. What is the tens digit of k?
5
Let o be -3*(12/(-72))/((-2)/(-16)). Suppose -1550 = -5*n - o*z, 3*n - 8*n = -5*z - 1505. What is the units digit of n?
6
Suppose 0 = -j, -2*v - 2*j + 3*j = -342. Suppose -72 = -3*a + v. What is the units digit of a?
1
Let r = -1641 + 1841. What is the units digit of r?
0
Suppose -3*c + 4*d = 25, -c + 0*c = 3*d - 9. What is the tens digit of (-1 - -4)*(-106)/c?
0
Suppose 2*r + 457 = 4*j + 5*r, 5*j = -5*r + 570. Let i = -55 + j. Let q = i - 36. What is the tens digit of q?
2
Let r(o) = -7*o**2 - 2*o + 3. Let c be r(1). Let f(g) = 5*g + 40. What is the units digit of f(c)?
0
Suppose -2*t + 5*x = -415, -5*t + 729 = 5*x - 361. What is the hundreds digit of t?
2
Suppose 2*q + 12 = 5*q. What is the units digit of 6/8 - (-117)/q?
0
Suppose -5*w + 4*s = 6*s - 15, 0 = 2*w + s - 6. Suppose 917 = 5*d - w*b, 0*d + 179 = d - 5*b. What is the tens digit of d?
8
Let m(j) = 8*j**3 - 3*j**2 - 2*j - 1. Let v(n) = n**3 + n**2 + n. Let t(s) = m(s) - 5*v(s). What is the tens digit of t(5)?
3
Suppose -2*t + 184 = 2*n - 4*n, -2*t - 5*n = -149. Let u = -53 + t. Suppose u = 2*r + 4. What is the tens digit of r?
1
Let z be 2/((-8)/(-26))*12/6. Suppose -10*k - z = -293. What is the units digit of k?
8
Let f be 20 - (2 + -2 - -1). Suppose -17*x + f*x - 8 = 0. Suppose -x*t - 3*b + 111 = 0, 5*b + 0*b - 145 = -5*t. What is the units digit of t?
4
Let t = 154 - 73. What is the tens digit of 2 + t + -2*3/(-6)?
8
Let q = 5363 - 2550. What is the hundreds digit of q?
8
Suppose -31 = -o + 9. Suppose 0 = n - 9*n + o. Suppose 2*d - 34 - 105 = 3*z, n*z - 285 = -5*d. What is the tens digit of d?
6
Let r(o) = 1089*o**2 + 6*o - 2. What is the thousands digit of r(1)?
1
Suppose 5*n + 330 = 7*n. Suppose -n = 24*x - 27*x. Wha